{"id":16,"date":"2024-02-10T13:38:53","date_gmt":"2024-02-10T13:38:53","guid":{"rendered":"https:\/\/prijateljunevolji.rs\/?page_id=16"},"modified":"2024-04-03T09:11:51","modified_gmt":"2024-04-03T09:11:51","slug":"o-nama","status":"publish","type":"page","link":"https:\/\/prijateljunevolji.rs\/index.php\/o-nama\/","title":{"rendered":"O Nama"},"content":{"rendered":"\r\n<p><strong>Humanitarna organizacija \u201ePrijatelj u nevolji\u201c<\/strong> ve\u0107 13 godina se zala\u017ee da\u00a0 osobama kao \u0161to su deca i osobe\u00a0 sa zdravstvenim i razvojnim problemima, deca koja \u010dekaju na operacije koje nisu o tro\u0161ku fonda, deca bez roditeljskog staranja kao\u00a0 i druga lica koja se nalaze u te\u0161kim \u017eivotnim situacijama,\u00a0 pru\u017ea pomo\u0107, uz podr\u0161ku i saradnju sa donatorima iz lokalne zajednice.<\/p>\r\n\r\n\r\n\r\n<p><strong>Kontakt:<\/strong><\/p>\r\n\r\n\r\n\r\n<p><strong>Telfax:<\/strong>011 7701 645,7701 745,<\/p>\r\n\r\n\r\n\r\n<p><strong>Mob<\/strong>: 060 41 41 506<\/p>\r\n\r\n\r\n\r\n<p><strong>e-mail:<\/strong>\u00a0organizacija@prijateljunevolji.rs\u00a0<\/p>\r\n\r\n\r\n\r\n<p><strong>Adresa:<\/strong>Bulevar JNA 2b\/17\u00a0,11042 Beograd\u00a0\u00a0\u00a0\u00a0\u00a0\u00a0\u00a0\u00a0<\/p>\r\n\r\n\r\n\r\n<p><strong>pib: 107027922<\/strong><\/p>\r\n\r\n\r\n\r\n<p class=\"has-text-align-left\"><strong>br. teku\u0107eg ra\u010duna: 160-353710-29<\/strong><\/p>\r\n","protected":false},"excerpt":{"rendered":"<p>Humanitarna organizacija \u201ePrijatelj u nevolji\u201c ve\u0107 13 godina se zala\u017ee da\u00a0 osobama kao \u0161to su deca i osobe\u00a0 sa zdravstvenim i razvojnim problemima, deca koja \u010dekaju na operacije koje nisu o tro\u0161ku fonda, deca bez roditeljskog staranja kao\u00a0 i druga lica koja se nalaze u te\u0161kim \u017eivotnim situacijama,\u00a0 pru\u017ea pomo\u0107, uz podr\u0161ku i saradnju sa&#8230;<\/p>\n","protected":false},"author":1,"featured_media":0,"parent":0,"menu_order":0,"comment_status":"closed","ping_status":"closed","template":"","meta":{"footnotes":""},"_links":{"self":[{"href":"https:\/\/prijateljunevolji.rs\/index.php\/wp-json\/wp\/v2\/pages\/16"}],"collection":[{"href":"https:\/\/prijateljunevolji.rs\/index.php\/wp-json\/wp\/v2\/pages"}],"about":[{"href":"https:\/\/prijateljunevolji.rs\/index.php\/wp-json\/wp\/v2\/types\/page"}],"author":[{"embeddable":true,"href":"https:\/\/prijateljunevolji.rs\/index.php\/wp-json\/wp\/v2\/users\/1"}],"replies":[{"embeddable":true,"href":"https:\/\/prijateljunevolji.rs\/index.php\/wp-json\/wp\/v2\/comments?post=16"}],"version-history":[{"count":0,"href":"https:\/\/prijateljunevolji.rs\/index.php\/wp-json\/wp\/v2\/pages\/16\/revisions"}],"wp:attachment":[{"href":"https:\/\/prijateljunevolji.rs\/index.php\/wp-json\/wp\/v2\/media?parent=16"}],"curies":[{"name":"wp","href":"https:\/\/api.w.org\/{rel}","templated":true}]}}