{"id":25,"date":"2024-02-10T13:46:34","date_gmt":"2024-02-10T13:46:34","guid":{"rendered":"https:\/\/prijateljunevolji.rs\/?page_id=25"},"modified":"2024-02-10T15:12:14","modified_gmt":"2024-02-10T15:12:14","slug":"aktivnosti","status":"publish","type":"page","link":"https:\/\/prijateljunevolji.rs\/index.php\/aktivnosti\/","title":{"rendered":"Aktivnosti"},"content":{"rendered":"\t\t<div data-elementor-type=\"wp-page\" data-elementor-id=\"25\" class=\"elementor elementor-25\">\n\t\t\t\t<div class=\"elementor-element elementor-element-b34020e e-flex e-con-boxed e-con e-parent\" data-id=\"b34020e\" data-element_type=\"container\">\n\t\t\t\t\t<div class=\"e-con-inner\">\n\t\t\t\t<div class=\"elementor-element elementor-element-c493891 elementor-widget elementor-widget-text-editor\" data-id=\"c493891\" data-element_type=\"widget\" data-widget_type=\"text-editor.default\">\n\t\t\t\t<div class=\"elementor-widget-container\">\n\t\t\t<style>\/*! elementor - v3.22.0 - 17-06-2024 *\/\n.elementor-widget-text-editor.elementor-drop-cap-view-stacked .elementor-drop-cap{background-color:#69727d;color:#fff}.elementor-widget-text-editor.elementor-drop-cap-view-framed .elementor-drop-cap{color:#69727d;border:3px solid;background-color:transparent}.elementor-widget-text-editor:not(.elementor-drop-cap-view-default) .elementor-drop-cap{margin-top:8px}.elementor-widget-text-editor:not(.elementor-drop-cap-view-default) .elementor-drop-cap-letter{width:1em;height:1em}.elementor-widget-text-editor .elementor-drop-cap{float:left;text-align:center;line-height:1;font-size:50px}.elementor-widget-text-editor .elementor-drop-cap-letter{display:inline-block}<\/style>\t\t\t\t<p class=\"p1\"><b>\u00a0<\/b><\/p><p class=\"p1\"><b>1. Podr\u0161ka domovima za zbrinjavanje osoba sa smetnjama u razvoju \u0161irom Srbije<\/b><\/p><p class=\"p1\">Ovim ustanovama svakog dana potrebna je podr\u0161ka u svakodnevnim potreb\u0161tinama\u00a0\u00a0\u00a0\u00a0\u00a0\u00a0\u00a0\u00a0\u00a0\u00a0\u00a0\u00a0\u00a0\u00a0\u00a0\u00a0<\/p><p class=\"p1\">( hrana, sredstva za higijenu prostora, sredstva za li\u010dnu higijenu, pomagala, sanitetski materijal, garderoba, posteljine, pelene, sredstva za renoviranje i sanaciju prostorija, ogrev, diodakti\u010dki materijal, gorivo&#8230;). Ovo je akcija koja traje \u010ditave godine i mo\u017eete se uvek priklju\u010diti u skladu sa mogu\u0107nostima.<\/p><p class=\"p1\"><b>2. Organizovanje sedmodnevnih programa rehabilitacije dece i mladih sa zdravstvenim i razvojnim problemima<\/b>. Ovim programom obuhvata\u0107emo decu sa smetnjama u razvoju koja su u domovima bez roditeljskog staranja i decu iz socijalno ugro\u017eenih porodica kojima je rehabilitacija neophodna, ali njihove porodice uslod lo\u0161e ekonomske situacije nisu u stanju da im to omogu\u0107e..<\/p><p class=\"p1\"><b>3. Organizovanje programa socijalizacije mladih sa smetnjama u razvoju.<\/b>\u00a0Ovim programom planiramo da omogu\u0107imo mladima sa smetnjama u mentalnom razvoju da obogate svoj dru\u0161tveni \u017eivot i da se uklju\u010de u de\u0161avanja u svojoj zajednici u skladu sa potrebama i mogu\u0107nostima kroz dru\u017eenje sa vr\u0161njacima. Najve\u0107i problem ove populacije je ku\u0107ni \u201eazil\u201c, \u0161to dovodi do jo\u0161 ve\u0107eg propadanja. Planiramo da im organizujemo jednodnevne izlete, posete kulturno, zabavnim i sportskim de\u0161avanjima u njihovoj lokalnoj zajednici. Cilj nam je da ove mlade ljude predstavimo kao deo dru\u0161tvene zajednice i da im omogu\u0107imo da \u017eive poput svojih vr\u0161njaka koji nemaju razvojnih problema.<\/p><p class=\"p1\"><b>4. Krajem godine akcija \u201eRadosni karavan<\/b>\u201c kojom \u017eelimo da obezbedimo poklone i paketi\u0107e za \u0161to vi\u0161e dece sa smetnjama u razvoju koja su sme\u0161tena u domovima za zbrinjavanje ove populacije \u0161irom Srbije, kao i dece obolele od karcinoma i dece iz socijalno ugro\u017eenih porodica.<\/p><p class=\"p1\"><b>5. Podr\u0161ka na\u0161im porodicama na Kosovu i Metohiji<\/b>\u00a0u pribavljanju neophodnih sredstava za svakodnevni \u017eivot. Tako\u0111e u zavisnosti od donatora \u017eelimo i na druge na\u010dine da poma\u017eemo kroz programe uklju\u010divanje dece iz ovih porodica u cilju da im se omogu\u0107i da imaju detinstvo poput svojih vr\u0161njeka koji ne \u017eive u \u201eenklavama\u201c.<\/p><p class=\"p1\"><b>6. Program \u201eNisi sam, ima\u0161 prijatelje\u201c\u00a0<\/b>gde \u017eelimo da se uklju\u010dimo u re\u0161avanje problema kako ugro\u017eenih pojedinaca, tako i priklju\u010divanje mnogim akcijama od dru\u0161tvenog zna\u010daja. Cilj ovog programa je da se pomogne razvoj zajednice i pru\u017ei podr\u0161ka socijalno uro\u017eenim kategorijama.<\/p><p class=\"p1\"><b>7. Pokretanje projekta \u201eIz mog ugla\u201c\u00a0<\/b>koji ima za cilj<b>\u00a0<\/b>podsticanje kreativnog izra\u017eavanja mladih sa smetnjama u mentalnom razvoju, a ujedno i njihovo radno anga\u017eovanje \u0161to \u0107e im omogu\u0107iti da se ose\u0107aju dru\u0161tveno korisnim.<\/p><p class=\"p2\"><b>Otvoreni smo za sve predloge i spremni na svaki oblik saradnje za koji mislite da bi bio pogodan.<\/b><\/p>\t\t\t\t\t\t<\/div>\n\t\t\t\t<\/div>\n\t\t\t\t\t<\/div>\n\t\t\t\t<\/div>\n\t\t\t\t<\/div>\n\t\t","protected":false},"excerpt":{"rendered":"<p>\u00a0 1. Podr\u0161ka domovima za zbrinjavanje osoba sa smetnjama u razvoju \u0161irom Srbije Ovim ustanovama svakog dana potrebna je podr\u0161ka u svakodnevnim potreb\u0161tinama\u00a0\u00a0\u00a0\u00a0\u00a0\u00a0\u00a0\u00a0\u00a0\u00a0\u00a0\u00a0\u00a0\u00a0\u00a0\u00a0 ( hrana, sredstva za higijenu prostora, sredstva za li\u010dnu higijenu, pomagala, sanitetski materijal, garderoba, posteljine, pelene, sredstva za renoviranje i sanaciju prostorija, ogrev, diodakti\u010dki materijal, gorivo&#8230;). Ovo je akcija koja traje \u010ditave&#8230;<\/p>\n","protected":false},"author":1,"featured_media":0,"parent":0,"menu_order":0,"comment_status":"closed","ping_status":"closed","template":"","meta":{"footnotes":""},"_links":{"self":[{"href":"https:\/\/prijateljunevolji.rs\/index.php\/wp-json\/wp\/v2\/pages\/25"}],"collection":[{"href":"https:\/\/prijateljunevolji.rs\/index.php\/wp-json\/wp\/v2\/pages"}],"about":[{"href":"https:\/\/prijateljunevolji.rs\/index.php\/wp-json\/wp\/v2\/types\/page"}],"author":[{"embeddable":true,"href":"https:\/\/prijateljunevolji.rs\/index.php\/wp-json\/wp\/v2\/users\/1"}],"replies":[{"embeddable":true,"href":"https:\/\/prijateljunevolji.rs\/index.php\/wp-json\/wp\/v2\/comments?post=25"}],"version-history":[{"count":0,"href":"https:\/\/prijateljunevolji.rs\/index.php\/wp-json\/wp\/v2\/pages\/25\/revisions"}],"wp:attachment":[{"href":"https:\/\/prijateljunevolji.rs\/index.php\/wp-json\/wp\/v2\/media?parent=25"}],"curies":[{"name":"wp","href":"https:\/\/api.w.org\/{rel}","templated":true}]}}